{"id":72,"date":"2025-12-17T21:38:45","date_gmt":"2025-12-17T21:38:45","guid":{"rendered":"https:\/\/kulay.at\/?page_id=72"},"modified":"2026-02-20T13:04:19","modified_gmt":"2026-02-20T13:04:19","slug":"statuten-des-vereins","status":"publish","type":"page","link":"https:\/\/kulay.at\/index.php\/statuten-des-vereins\/","title":{"rendered":"Statuten des Vereins"},"content":{"rendered":"\n<p><em>KULAY \u2013 Filipino LGBTIQ Vienna<\/em><\/p>\n\n\n\n<h2 class=\"wp-block-heading\">\u00a7 1: Name, Sitz und T\u00e4tigkeitsbereich<\/h2>\n\n\n\n<p>Der Verein f\u00fchrt den Namen \u201eKULAY \u2013 Filipino LGBTIQ Vienna\u201c.<br>Er hat seinen Sitz in Heum\u00fchlgasse 14\/1, 1040 Wien, und erstreckt seine T\u00e4tigkeit insbesondere auf Wien und \u00d6sterreich, mit Fokus auf queere Menschen mit philippinischem Hintergrund und deren Unterst\u00fctzer:innen. Die Errichtung von Zweigvereinen ist derzeit nicht beabsichtigt.<\/p>\n\n\n\n<h2 class=\"wp-block-heading\">\u00a7 2: Zweck <\/h2>\n\n\n\n<ol class=\"wp-block-list\">\n<li>Der Verein, dessen T\u00e4tigkeit nicht auf Gewinn gerichtet ist, bezweckt: Die Sichtbarkeit und St\u00e4rkung queerer Menschen mit philippinischen Wurzeln in Wien und dar\u00fcber hinaus. <\/li>\n\n\n\n<li>Die Schaffung eines sicheren Raums (Safer Space) zur F\u00f6rderung von Austausch, gegenseitiger Unterst\u00fctzung und Empowerment. <\/li>\n\n\n\n<li>Die Integration und Vermittlung philippinischer Kultur in einem queeren Kontext. <\/li>\n\n\n\n<li>Die Organisation von Community-Treffen, kulturellen und bildungspolitischen Veranstaltungen, k\u00fcnstlerischen Projekten und gesellschaftspolitischen Aktivit\u00e4ten. <\/li>\n\n\n\n<li>Die F\u00f6rderung von Selbstakzeptanz, Solidarit\u00e4t, intersektionaler Vielfalt und sozialer Teilhabe. <\/li>\n\n\n\n<li>Die Sensibilisierung f\u00fcr Diskriminierung aufgrund von Herkunft, sexueller Orientierung, Geschlechtsidentit\u00e4t und anderen Faktoren. <\/li>\n\n\n\n<li>Den Aufbau von Netzwerken mit anderen migrantischen, queeren oder interkulturellen Initiativen. <\/li>\n\n\n\n<li>\u00d6ffentlichkeitsarbeit zur Sichtbarkeit queerer Filipino\/a\/xs und ihrer Anliegen. <\/li>\n\n\n\n<li>Kooperationen mit Botschaften, K\u00fcnstler:innen, Institutionen, LGBTIQ*- Organisationen und Community-Leader:innen. <\/li>\n\n\n\n<li>Plattform zur Vernetzung und zum Kennenlernen verschiedener Menschen mit philippinischem Ursprung aus dem In-und Ausland. Dies soll auf keinen Fall Personen an der Teilnahme an Veranstaltungen des Vereins mit nicht philippinischer Herkunft ausschlie\u00dfen. Es ist grunds\u00e4tzlich jeder Mensch, der Interesse an den T\u00e4tigkeiten des Vereins hat, eingeladen, an den T\u00e4tigkeiten teilzunehmen. Personen, die sich vereinssch\u00e4digend verhalten oder den Ablauf von Vereins-Veranstaltungen wiederholt und erheblich behindern, k\u00f6nnen durch Beschluss der Generalversammlung mit einer qualifizierten Mehrheit von zwei Dritteln der anwesenden stimmberechtigten Mitglieder von der Teilnahme an Vereinsveranstaltungen ausgeschlossen oder sogar aus dem Verein ausgeschlossen werden.<\/li>\n<\/ol>\n\n\n\n<h2 class=\"wp-block-heading\">\u00a7 3: Mittel zur Erreichung des Vereinszwecks <\/h2>\n\n\n\n<p>Zur Erreichung des Vereinszwecks dienen folgende Mittel: <\/p>\n\n\n\n<h3 class=\"wp-block-heading\">Ideelle Mittel:<\/h3>\n\n\n\n<ol class=\"wp-block-list\">\n<li>Regelm\u00e4\u00dfige Community-Treffen und Veranstaltungen<\/li>\n\n\n\n<li>Workshops, Vortr\u00e4ge, Empowerment-Formate <\/li>\n\n\n\n<li>\u00d6ffentlichkeitsarbeit, soziale Medien und Kampagnen <\/li>\n\n\n\n<li>Austausch und Zusammenarbeit mit Partnerorganisationen <\/li>\n\n\n\n<li>Veranstaltungen zur F\u00f6rderung von Kunst, Kultur, Bildung und Inklusion <\/li>\n\n\n\n<li>Schaffung eines Safer Space f\u00fcr Mitglieder der Community <\/li>\n<\/ol>\n\n\n\n<h3 class=\"wp-block-heading\">Materielle Mittel: <\/h3>\n\n\n\n<ol class=\"wp-block-list\">\n<li>F\u00f6rderungen, Subventionen, Spenden <\/li>\n\n\n\n<li>Einnahmen aus Veranstaltungen, Projekten und Merchandise <\/li>\n\n\n\n<li>Sponsor:innen und Kooperationen <\/li>\n\n\n\n<li>Alle Einnahmen und Gewinne dienen ausschlie\u00dflich der Verwirklichung des Vereinszwecks. Ein etwaiger \u00dcberschuss kann an Organisationen mit \u00e4hnlicher Zielsetzung weitergegeben werden.<\/li>\n<\/ol>\n\n\n\n<h2 class=\"wp-block-heading\">\u00a7 4: Mitgliedschaft <\/h2>\n\n\n\n<p>Die Mitgliedschaft steht allen Personen offen, die die Vereinsziele unterst\u00fctzen. Die Aufnahme erfolgt durch den Vorstand. Es gibt ordentliche, au\u00dferordentliche und Ehrenmitglieder.<\/p>\n\n\n\n<h3 class=\"wp-block-heading\">Aufgaben der Mitglieder: <\/h3>\n\n\n\n<ol class=\"wp-block-list\">\n<li>Ordentliche Mitglieder: <\/li>\n<\/ol>\n\n\n\n<ul class=\"wp-block-list\">\n<li><em>Teilnahme an den Mitgliederversammlungen und Stimmrecht bei<\/em> <em>Abstimmungen.<\/em> <\/li>\n\n\n\n<li><em>Aktive Mitarbeit und Unterst\u00fctzung bei Vereinsaktivit\u00e4ten und -projekten.<\/em> <\/li>\n\n\n\n<li><em>Zahlung der Mitgliedsbeitr\u00e4ge gem\u00e4\u00df der festgelegten Beitragsordnung (sofern<\/em> <em>eingef\u00fchrt)<\/em><\/li>\n<\/ul>\n\n\n\n<ol start=\"2\" class=\"wp-block-list\">\n<li>Au\u00dferordentliche Mitglieder: <\/li>\n<\/ol>\n\n\n\n<ul start=\"2\" class=\"wp-block-list\">\n<li>Teilnahme an den Mitgliederversammlungen ohne Stimmrecht. <\/li>\n\n\n\n<li>Unterst\u00fctzung des Vereins durch freiwillige Beitr\u00e4ge oder Spenden. <\/li>\n\n\n\n<li>M\u00f6glichkeit zur Teilnahme an bestimmten Vereinsaktivit\u00e4ten und -projekten. <\/li>\n<\/ul>\n\n\n\n<ol start=\"3\" class=\"wp-block-list\">\n<li>Ehrenmitglieder: <\/li>\n<\/ol>\n\n\n\n<ul start=\"3\" class=\"wp-block-list\">\n<li>Teilnahme an den Mitgliederversammlungen ohne Stimmrecht.  <\/li>\n\n\n\n<li>Beratung und Unterst\u00fctzung des Vereinsvorstands durch ihre Erfahrung und Expertise. <\/li>\n\n\n\n<li>Repr\u00e4sentation des Vereins bei besonderen Anl\u00e4ssen und Veranstaltungen.<\/li>\n<\/ul>\n\n\n\n<h2 class=\"wp-block-heading\">\u00a7 5: Beendigung der Mitgliedschaft <\/h2>\n\n\n\n<p>Die Mitgliedschaft erlischt durch Austritt, Ausschluss oder Tod. Der Austritt ist schriftlich zu erkl\u00e4ren. Der Ausschluss erfolgt durch den Vorstand bei grober Pflichtverletzung. <\/p>\n\n\n\n<h2 class=\"wp-block-heading\">\u00a7 6: Rechte und Pflichten der Mitglieder <\/h2>\n\n\n\n<p>Mitglieder haben das Recht auf Teilnahme an Veranstaltungen und Mitbestimmung gem\u00e4\u00df Statuten. Sie sind verpflichtet, die Ziele des Vereins zu unterst\u00fctzen und die Statuten zu achten.<\/p>\n\n\n\n<h2 class=\"wp-block-heading\">\u00a7 7: Organe des Vereins <\/h2>\n\n\n\n<p>Organe des Vereins sind: <\/p>\n\n\n\n<ol class=\"wp-block-list\">\n<li>Die Generalversammlung <\/li>\n\n\n\n<li>Der Vorstand <\/li>\n\n\n\n<li>Die Rechnungspr\u00fcfer:innen <\/li>\n\n\n\n<li>Das Schiedsgericht<\/li>\n<\/ol>\n\n\n\n<h2 class=\"wp-block-heading\">\u00a7 8: Vereinsorgane <\/h2>\n\n\n\n<p>Organe des Vereins sind die Generalversammlung (\u00a7\u00a7 9 und 10), der Vorstand (\u00a7\u00a7 11 bis 13) und die Rechnungspr\u00fcfer:innen (\u00a7 14).<\/p>\n\n\n\n<h2 class=\"wp-block-heading\">\u00a7 9: Generalversammlung <\/h2>\n\n\n\n<p><em>9.1) Die Generalversammlung ist das oberste Organ des Vereins. Eine ordentliche<\/em> <br><em>Generalversammlung findet alle zwei Jahre statt.<\/em> <br><em>9.2) Eine au\u00dferordentliche Generalversammlung findet auf Beschluss des Vorstands oder der<\/em> <em>ordentlichen Generalversammlung, schriftlichen Antrag von mindestens einem Zehntel der<\/em> <em>Mitglieder, Verlangen der Rechnungspr\u00fcfer:innen oder Beschluss eines gerichtlich bestellten<\/em> <em>Kurators binnen vier Wochen statt.<\/em> <br><em>9.3) Alle Mitglieder sind mindestens zwei Wochen vor dem Termin schriftlich oder per E-Mail (an<\/em> <em>die vom Mitglied bekanntgegebene Adresse) einzuladen. Die Einladung hat unter Angabe der<\/em> <em>Tagesordnung zu erfolgen. Die Einberufung erfolgt durch die Obperson oder deren<\/em> <em>Stellvertretung.<\/em> <br><em>9.4) Antr\u00e4ge zur Generalversammlung sind mindestens sieben Tage vor dem Termin schriftlich<\/em> <em>beim Vorstand einzureichen.<\/em> <br><em>9.5) Beschl\u00fcsse k\u00f6nnen nur zur Tagesordnung gefasst werden. \u00c4nderungen der Statuten oder<\/em> <em>die Aufl\u00f6sung des Vereins k\u00f6nnen nur beschlossen werden, wenn entsprechende Antr\u00e4ge mit<\/em> <em>der Einladung zur Generalversammlung \u00fcbermittelt wurden.<\/em> <br><em>9.6) Teilnahmeberechtigt sind alle Mitglieder. Stimmberechtigt sind nur ordentliche Mitglieder.<\/em> <em>Jedes Mitglied hat eine Stimme. Eine schriftliche Stimmrechts\u00fcbertragung ist m\u00f6glich. Dabei<\/em> <em>kann ein Mitglied h\u00f6chstens f\u00fcnf Stimmen (eigene und \u00fcbertragene) aus\u00fcben.<\/em> <br><em>9.7) Die Generalversammlung ist unabh\u00e4ngig von der Anzahl der Erschienenen beschlussf\u00e4hig.<\/em> <br><em>9.8) Beschl\u00fcsse werden mit einfacher Mehrheit der g\u00fcltig abgegebenen Stimmen gefasst. F\u00fcr<\/em> <em>Statuten\u00e4nderungen und die Vereinsaufl\u00f6sung ist eine Zweidrittelmehrheit erforderlich. Bei<\/em> <em>Stimmengleichheit entscheidet die Stimme der Obperson.<\/em> <br><em>9.9) Den Vorsitz f\u00fchrt die Obperson oder im Verhinderungsfall ihre Stellvertretung. Sind beide<\/em> <em>verhindert, \u00fcbernimmt das an Jahren \u00e4lteste anwesende Vorstandsmitglied.<\/em><\/p>\n\n\n\n<h2 class=\"wp-block-heading\">\u00a7 10: Aufgaben der Generalversammlung <\/h2>\n\n\n\n<p><em>Der Generalversammlung sind insbesondere folgende Aufgaben vorbehalten:<\/em> <\/p>\n\n\n\n<ol class=\"wp-block-list\">\n<li><em>Entgegennahme und Genehmigung des Berichts des Vorstands und der<\/em> Rechnungspr\u00fcfer:innen <\/li>\n\n\n\n<li>Entlastung des Vorstands <\/li>\n\n\n\n<li>Entlastung des Kassiers bzw. der Kassierin <\/li>\n\n\n\n<li>Wahl, Bestellung und Abwahl der Vorstandsmitglieder und Rechnungspr\u00fcfer:innen <\/li>\n\n\n\n<li>Verleihung und Aberkennung von Ehrenmitgliedschaften <\/li>\n\n\n\n<li>Genehmigung des Jahresvoranschlags <\/li>\n\n\n\n<li>Beschlussfassung \u00fcber Statuten\u00e4nderungen <\/li>\n\n\n\n<li>Beschlussfassung \u00fcber die freiwillige Aufl\u00f6sung des Vereins <\/li>\n\n\n\n<li>Festlegung von Mitgliedsbeitr\u00e4gen und Beitrittsgeb\u00fchren (sofern eingef\u00fchrt) <\/li>\n\n\n\n<li>Beschlussfassung \u00fcber Antr\u00e4ge, die vom Vorstand oder den Mitgliedern eingebracht werden <\/li>\n\n\n\n<li>Genehmigung von Rechtsgesch\u00e4ften zwischen Vorstandsmitgliedern, Rechnungspr\u00fcfer:innen und dem Verein<\/li>\n<\/ol>\n\n\n\n<h2 class=\"wp-block-heading\">\u00a7 11: Vorstand <\/h2>\n\n\n\n<p>11.1) Der Vorstand besteht aus dem gesch.ftsf\u00fchrenden Vorstand und \u2013 sofern gew\u00fcnscht \u2013 einem erweiterten Vorstand. <\/p>\n\n\n\n<h3 class=\"wp-block-heading\">Gesch\u00e4ftsf\u00fchrender Vorstand: <\/h3>\n\n\n\n<ul class=\"wp-block-list\">\n<li>Obperson <\/li>\n\n\n\n<li>Stellvertretende Obperson &amp; Schriftf\u00fchrer:in (in Personalunion)<\/li>\n\n\n\n<li>Stellvertretende:r Schriftf\u00fchrer:in <\/li>\n\n\n\n<li>Kassier:in <\/li>\n\n\n\n<li>Stellvertretende Kassier:in <\/li>\n\n\n\n<li>Leitung internationale Beziehungen <\/li>\n<\/ul>\n\n\n\n<p>Weitere Funktionen k\u00f6nnen durch die Generalversammlung oder den gesch\u00e4ftsf\u00fchrenden Vorstand eingerichtet werden. <\/p>\n\n\n\n<p>11.2) Der Vorstand wird von der Generalversammlung auf zwei Jahre gew\u00e4hlt. Wiederwahl ist m\u00f6glich. Jedes Vorstandsmitglied \u00fcbt seine Funktion pers\u00f6nlich aus. <br>11.3) Scheidet ein Vorstandsmitglied vorzeitig aus, kann der Vorstand ein anderes w\u00e4hlbares Vereinsmitglied kooptieren. Die Kooptierung ist in der n\u00e4chsten Generalversammlung zu best\u00e4tigen. <br>11.4) Der Vorstand ist beschlussf\u00e4hig, wenn mindestens die H\u00e4lfte der Mitglieder anwesend ist. Beschl\u00fcsse werden mit einfacher Mehrheit gefasst. Bei Stimmengleichheit entscheidet die Obperson. <br>11.5) Den Vorsitz f\u00fchrt die Obperson oder bei Verhinderung ihre Stellvertretung. Sind beide verhindert, \u00fcbernimmt das an Jahren \u00e4lteste anwesende Vorstandsmitglied den Vorsitz. <br>11.6) Die Generalversammlung kann den gesamten Vorstand oder einzelne Mitglieder mit Zweidrittelmehrheit abw\u00e4hlen. <br>11.7) Vorstandsmitglieder k\u00f6nnen jederzeit schriftlich zur\u00fccktreten. Der R\u00fccktritt ist an die Obperson, bei R\u00fccktritt der Obperson an die gesamte Generalversammlung zu richten. Er wird erst mit Wahl oder Kooptierung einer Nachfolge wirksam.<\/p>\n\n\n\n<h2 class=\"wp-block-heading\">\u00a7 12: Aufgaben des Vorstands  <\/h2>\n\n\n\n<p>Dem Vorstand obliegt die Leitung des Vereins, insbesondere: <\/p>\n\n\n\n<ol class=\"wp-block-list\">\n<li>Organisation der Vereinsarbeit und Durchf\u00fchrung der Beschl\u00fcsse der Generalversammlung <\/li>\n\n\n\n<li>Verwaltung des Vereinsverm\u00f6gens <\/li>\n\n\n\n<li>Erstellung des Jahresvoranschlags, des Rechenschaftsberichts und des Rechnungsabschlusses <\/li>\n\n\n\n<li>Aufnahme und Ausschluss von Mitgliedern <\/li>\n\n\n\n<li>Vorbereitung und Einberufung der Generalversammlung <\/li>\n\n\n\n<li>Vertretung des Vereins nach au\u00dfen <\/li>\n\n\n\n<li>Einrichtung eines Rechnungswesens mit laufender Einnahmen\/Ausgabenaufzeichnung und Verm\u00f6gensverzeichnis <\/li>\n\n\n\n<li>Aufnahme und K\u00fcndigung von Mitarbeiter:innen <\/li>\n<\/ol>\n\n\n\n<h2 class=\"wp-block-heading\">\u00a7 13: Besondere Obliegenheiten einzelner Vorstandsmitglieder <\/h2>\n\n\n\n<ol class=\"wp-block-list\">\n<li>Die Obperson f\u00fchrt die laufenden Gesch\u00e4fte des Vereins und vertritt den Verein nach au\u00dfen. <\/li>\n\n\n\n<li>Schriftliche Ausfertigungen des Vereins bed\u00fcrfen der Unterschrift der Obperson und der Schriftf\u00fchrung oder der stellvertretenden Schriftf\u00fchrung. <\/li>\n\n\n\n<li>Die Schriftf\u00fchrung f\u00fchrt die Protokolle der Generalversammlung und des Vorstands sowie die Vereinsakten. <\/li>\n\n\n\n<li>Der Kassier verwaltet die Finanzen des Vereins und ist f\u00fcr die ordnungsgem\u00e4\u00dfe Buchhaltung verantwortlich. <\/li>\n\n\n\n<li>Bei Gefahr im Verzug ist die Obperson berechtigt, auch in Angelegenheiten des Vorstands oder der Generalversammlung eigenverantwortlich Entscheidungen zu treffen \u2013 diese bed\u00fcrfen nachtr\u00e4glicher Genehmigung.<\/li>\n<\/ol>\n\n\n\n<h2 class=\"wp-block-heading\">\u00a7 14: Rechnungspr\u00fcfung <\/h2>\n\n\n\n<p>Zwei von der Generalversammlung gew\u00e4hlte Rechnungspr\u00fcfer:innen pr\u00fcfen j\u00e4hrlich die Finanzgebarung des Vereins. Sie berichten der Generalversammlung und beantragen gegebenenfalls die Entlastung des Vorstands. Sie d\u00fcrfen dem Vorstand nicht angeh\u00f6ren. Die Funktionsperiode der Rechnungspr\u00fcfer betr\u00e4gt zwei Jahre. Eine Wiederwahl ist m\u00f6glich. Die Rechnungspr\u00fcfer bleiben bis zur Wahl neuer Rechnungspr\u00fcfer im Amt.<\/p>\n\n\n\n<h2 class=\"wp-block-heading\">\u00a7 15: Schiedsgericht <\/h2>\n\n\n\n<p>Zur Kl\u00e4rung vereinsinterner Streitigkeiten wird ein vereinsinternes Schiedsgericht eingerichtet. Es besteht aus drei ordentlichen Mitgliedern. Jede Streitpartei nominiert ein Mitglied, das dritte wird gemeinsam gew\u00e4hlt. Kommt keine Einigung zustande, entscheidet das Los. Das Schiedsgericht entscheidet nach Gew\u00e4hrung beiderseitigen Geh\u00f6rs mit einfacher Mehrheit. Seine Entscheidungen sind vereinsintern endg\u00fcltig.<\/p>\n\n\n\n<h2 class=\"wp-block-heading\">\u00a7 16: Freiwillige Aufl\u00f6sung des Vereins <\/h2>\n\n\n\n<p>Die Aufl\u00f6sung des Vereins kann nur in einer eigens daf\u00fcr einberufenen Generalversammlung mit einer Zweidrittelmehrheit der anwesenden stimmberechtigten Mitglieder beschlossen werden. Ist Vereinsverm\u00f6gen vorhanden, hat die Generalversammlung \u00fcber dessen Verwendung zu entscheiden. Es soll \u2013 soweit rechtlich m\u00f6glich \u2013 einer Organisation zufallen, die gleiche oder \u00e4hnliche Ziele verfolgt, andernfalls sozialen oder gemeinn\u00fctzigen Zwecken. Die letzte Obperson hat die freiwillige Aufl\u00f6sung binnen vier Wochen nach Beschlussfassung der zust\u00e4ndigen Landespolizeidirektion anzuzeigen.<\/p>\n","protected":false},"excerpt":{"rendered":"<p>KULAY \u2013 Filipino LGBTIQ Vienna \u00a7 1: Name, Sitz und T\u00e4tigkeitsbereich Der Verein f\u00fchrt den Namen \u201eKULAY \u2013 Filipino LGBTIQ Vienna\u201c.Er hat seinen Sitz in Heum\u00fchlgasse 14\/1, 1040 Wien, und&hellip;<\/p>\n","protected":false},"author":1,"featured_media":0,"parent":0,"menu_order":0,"comment_status":"closed","ping_status":"closed","template":"","meta":{"_price":"","_stock":"","_tribe_ticket_header":"","_tribe_default_ticket_provider":"","_tribe_ticket_capacity":"0","_ticket_start_date":"","_ticket_end_date":"","_tribe_ticket_show_description":"","_tribe_ticket_show_not_going":false,"_tribe_ticket_use_global_stock":"","_tribe_ticket_global_stock_level":"","_global_stock_mode":"","_global_stock_cap":"","_tribe_rsvp_for_event":"","_tribe_ticket_going_count":"","_tribe_ticket_not_going_count":"","_tribe_tickets_list":"[]","_tribe_ticket_has_attendee_info_fields":false,"footnotes":"","_tec_slr_enabled":"","_tec_slr_layout":""},"class_list":["post-72","page","type-page","status-publish","hentry"],"ticketed":false,"_links":{"self":[{"href":"https:\/\/kulay.at\/index.php\/wp-json\/wp\/v2\/pages\/72","targetHints":{"allow":["GET"]}}],"collection":[{"href":"https:\/\/kulay.at\/index.php\/wp-json\/wp\/v2\/pages"}],"about":[{"href":"https:\/\/kulay.at\/index.php\/wp-json\/wp\/v2\/types\/page"}],"author":[{"embeddable":true,"href":"https:\/\/kulay.at\/index.php\/wp-json\/wp\/v2\/users\/1"}],"replies":[{"embeddable":true,"href":"https:\/\/kulay.at\/index.php\/wp-json\/wp\/v2\/comments?post=72"}],"version-history":[{"count":12,"href":"https:\/\/kulay.at\/index.php\/wp-json\/wp\/v2\/pages\/72\/revisions"}],"predecessor-version":[{"id":130,"href":"https:\/\/kulay.at\/index.php\/wp-json\/wp\/v2\/pages\/72\/revisions\/130"}],"wp:attachment":[{"href":"https:\/\/kulay.at\/index.php\/wp-json\/wp\/v2\/media?parent=72"}],"curies":[{"name":"wp","href":"https:\/\/api.w.org\/{rel}","templated":true}]}}